digit of 208162178?
0
What is the ten millions digit of 383116870?
8
What is the thousands digit of 709483810?
3
What is the millions digit of 24281065?
4
What is the ten thousands digit of 1099755586?
5
What is the hundreds digit of 4178798?
7
What is the hundred thousands digit of 6194395989?
3
What is the units digit of 1817779728?
8
What is the ten millions digit of 24639497?
2
What is the ten thousands digit of 48654642?
5
What is the hundreds digit of 364746399?
3
What is the units digit of 126343321?
1
What is the tens digit of 59856337?
3
What is the tens digit of 10405451?
5
What is the thousands digit of 55338715?
8
What is the hundreds digit of 40411373?
3
What is the millions digit of 314804538?
4
What is the ten thousands digit of 513039322?
3
What is the ten thousands digit of 167738081?
3
What is the tens digit of 3292111567?
6
What is the tens digit of 68585062?
6
What is the hundreds digit of 420969741?
7
What is the hundreds digit of 293137700?
7
What is the tens digit of 95014602?
0
What is the thousands digit of 350161995?
1
What is the hundred thousands digit of 123455386?
4
What is the ten thousands digit of 2172085649?
8
What is the thousands digit of 3566911266?
1
What is the hundreds digit of 60544458?
4
What is the hundreds digit of 54798395?
3
What is the thousands digit of 401992938?
2
What is the millions digit of 2610534202?
0
What is the hundred thousands digit of 46950899?
9
What is the tens digit of 41670130?
3
What is the thousands digit of 27199480?
9
What is the hundreds digit of 43701641?
6
What is the ten thousands digit of 1576714808?
1
What is the ten thousands digit of 1446958?
4
What is the thousands digit of 45568787?
8
What is the hundred thousands digit of 83618840?
6
What is the hundred millions digit of 1979686022?
9
What is the ten millions digit of 165581342?
6
What is the millions digit of 46515497?
6
What is the hundreds digit of 5216854841?
8
What is the hundreds digit of 674719868?
8
What is the thousands digit of 1238283182?
3
What is the tens digit of 35977246?
4
What is the billions digit of 4332563725?
4
What is the hundreds digit of 252207546?
5
What is the ten thousands digit of 26421819?
2
What is the hundred millions digit of 5604492491?
6
What is the ten millions digit of 29743522?
2
What is the tens digit of 588008022?
2
What is the hundred thousands digit of 57986263?
9
What is the units digit of 358539569?
9
What is the hundred millions digit of 758954597?
7
What is the hundred thousands digit of 51870697?
8
What is the hundreds digit of 104346684?
6
What is the hundred thousands digit of 21566763?
5
What is the hundred thousands digit of 861092248?
0
What is the hundred millions digit of 1374290092?
3
What is the hundred millions digit of 1173827592?
1
What is the hundred thousands digit of 59919084?
9
What is the ten thousands digit of 42328237?
2
What is the billions digit of 1596091544?
1
What is the units digit of 440709350?
0
What is the millions digit of 3341006333?
1
What is the millions digit of 1411288309?
1
What is the thousands digit of 21908618?
8
What is the ten millions digit of 124745649?
2
What is the hundred thousands digit of 9900422?
9
What is the hundreds digit of 5096339774?
7
What is the ten millions digit of 27748498?
2
What is the thousands digit of 104331165?
1
What is the hundred thousands digit of 151640608?
6
What is the millions digit of 4223835491?
3
What is the thousands digit of 156714864?
4
What is the tens digit of 54893079?
7
What is the ten millions digit of 12894516?
1
What is the hundred millions digit of 3898435225?
8
What is the hundred thousands digit of 2176879226?
8
What is the hundred thousands digit of 24911010?
9
What is the thousands digit of 158554386?
4
What is the tens digit of 126481866?
6
What is the tens digit of 676709449?
4
What is the hundred millions digit of 2195139238?
1
What is the hundred thousands digit of 208794714?
7
What is the ten thousands digit of 158275601?
7
What is the hundreds digit of 2383504311?
3
What is the millions digit of 4131818615?
1
What is the hundred thousands digit of 235744294?
7
What is the hundreds digit of 2331222808?
8
What is the hundred thousands digit of 1082597215?
5
What is the billions digit of 5920217145?
5
What is the tens digit of 53271129?
2
What is the units digit of 3548072648?
8
What is the hundred thousands digit of 105671256?
6
What is the hundred millions digit of 1022463376?
0
What is the hundred millions digit of 113269574?
1
What is the hundreds digit of 2982332893?
8
What is the hundred millions digit of 237993779?
2
What is the ten millions digit of 27326121?
2
What is the tens digit of 56478419?
1
What is the hundreds digit of 584231161?
1
What is the thousands digit of 7252952?
2
What is the billions digit of 1872902443?
1
What is the ten thousands digit of 11920704?
2
What is the hundreds digit of 1032987?
9
What is the ten millions digit of 17340693?
1
What is the ten millions digit of 71764139?
7
What is the thousands digit of 156626418?
6
What is the billions digit of 3242965591?
3
What is the millions digit of 3722541110?
2
What is the units digit of 304074277?
7
What is the ten millions digit of 2905845377?
0
What is the hundred millions digit of 176923208?
1
What is the ten millions digit of 64420780?
6
What is the thousands digit of 54431786?
1
What is the ten millions digit of 3104360655?
0
What is the thousands digit of 2333825791?
5
What is the hundred thousands digit of 32638276?
6
What is the hundred thousands digit of 4745343?
7
What is the hundred millions digit of 3552778048?
5
What is the tens digit of 8022908?
0
What is the ten millions digit of 48026313?
4
What is the millions digit of 893653492?
3
What is the ten millions digit of 187564532?
8
What is the hundreds digit of 678834334?
3
What is the hundreds digit of 695235906?
9
What is the ten thousands digit of 148558450?
5
What is the tens digit of 349708737?
3
What is the ten millions digit of 5847444739?
4
What is the millions digit of 253011068?
3
What is the hundred millions digit of 1314949344?
3
What is the hundred millions digit of 5521025629?
5
What is the ten thousands digit of 685144968?
4
What is the units digit of 512761200?
0
What is the thousands digit of 364895482?
5
What is the units digit of 388567102?
2
What is the hundreds digit of 140850058?
0
What is the hundred millions digit of 587174289?
5
What is the ten thousands digit of 827680864?
8
What is the ten thousands digit of 312352574?
5
What is the millions digit of 44869921?
4
What is the ten thousands digit of 1869934845?
3
What is the tens digit of 114868008?
0
What is the millions digit of 21920259?
1
What is the hundred thousands digit of 66857118?
8
What is the ten thousands digit of 173109685?
0
What is the hundreds digit of 717935572?
5
What is the units digit of 526924333?
3
What is the units digit of 806089116?
6
What is the hundred millions digit of 1392530358?
3
What is the thousands digit of 541534225?
4
What is the ten millions digit of 7269858962?
6
What is the tens digit of 164654156?
5
What is the ten thousands digit of 880242596?
4
What is the units digit of 25920614?
4
What is the ten millions digit of 60065634?
6
What is the hundred millions digit of 838062587?
8
What is the ten millions digit of 56931147?
5
What is the hundreds digit of 55216898?
8
What is the ten thousands digit of 143584458?
8
What is the hundred thousands digit of 67989881?
9
What is the ten millions digit of 7185456443?
8
What is the ten millions digit of 82475562?
8
What is the units digit of 45393767?
7
What is the millions digit of 517625800?
7
What is the millions digit of 131663354?
1
What is the thousands digit of 43522152?
2
What is the hundreds digit of 59693771?
7
What is the hundred thousands digit of 1064192004?
1
What is the ten millions digit of 1075606940?
7
What is the millions digit of 37638350?
7
What is the hundred thousands digit of 215036648?
0
What is the ten thousands digit of 1087702338?
0
What is the hundred millions digit of 2409333841?
4
What is the hundred thousands digit of 51761199?
7
What is the millions digit of 4513382627?
3
What is the hundred thousands digit of 3704692668?
6
What is the thousands